e prime factors of (36/15)/(1/j)?
2, 3, 5
Let m = -69 + 97. Let b = 11 - m. Let x = 3 - b. List the prime factors of x.
2, 5
Let i(b) = 6*b + 2. Suppose -5*z + 7 = 2*z. List the prime factors of i(z).
2
Let d = 1438 - 1169. List the prime factors of d.
269
Let x(z) = 29*z**2 + 11*z + 10. List the prime factors of x(5).
2, 5, 79
Let c be 95*2 + 0 + -4. What are the prime factors of (-1)/(2 - c/92)?
2, 23
Suppose 0 = -5*y - 3*f + 7720 - 254, 5*y + 4*f = 7463. What are the prime factors of y?
5, 13, 23
Let p(d) = d + 2. Let u be p(8). Let k = u + -8. Suppose -k*v - 45 = -2*f - 3*f, -9 = -f - 2*v. List the prime factors of f.
3
Suppose -2*f = f + v - 8, 4 = 3*f + 2*v. Let g = -1 + f. Suppose 7*o - 4*o + 4*q = 97, -o = g*q - 39. List the prime factors of o.
3
Let q(r) = -r + 25. Let x be q(-9). Suppose -4*t - x + 646 = 0. List the prime factors of t.
3, 17
Let k be 20/48*-3*-4. Suppose -5 = o - 2*b, -5*o - k*b + 35 = -15. Suppose -116 = -4*z + 2*l, o*z - 145 = -4*l - l. List the prime factors of z.
29
Suppose 2*s = 5*s - 60. Let n be s/(-15)*57/2. What are the prime factors of -2 - 1 - (n + 1)?
2, 17
Suppose 2*y = 4*u + 133 - 33, u - 150 = -3*y. Suppose -2*g + 624 - y = 0. What are the prime factors of g?
7, 41
Suppose -10410 - 16966 = -29*p. What are the prime factors of p?
2, 59
List the prime factors of (396/14)/((-201)/(-10318)).
2, 3, 11
Suppose -2*p + 2746 = 10*x - 13*x, 5*p + 3*x = 6844. What are the prime factors of p?
2, 5, 137
Suppose -2*i + 3258 = 3*w, -4*i + 4*w + 4531 = -2005. What are the prime factors of i?
2, 3, 17
Let k(g) = 586*g**2 - 16*g - 26. What are the prime factors of k(-2)?
2, 5, 47
Let j be (-148)/(-18) + ((-28)/(-18))/(-7). Let o(q) = 16*q + 9. List the prime factors of o(j).
137
Let u(r) = 70*r + 25. List the prime factors of u(8).
3, 5, 13
Suppose 0*f - 2*f + 7319 = -3*g, -4*g + 18309 = 5*f. What are the prime factors of f?
7, 523
Suppose 9*o = 3*o + 18. Let l(i) = 19*i + 7. List the prime factors of l(o).
2
Suppose 4*d + 328 = 4*v, -4*v = -0*d - 2*d - 338. List the prime factors of (-1)/(4/(-4)*3/v).
29
Let l be 4 + 0/(-1 - -6). Suppose 0 = -l*z + 273 - 41. List the prime factors of z.
2, 29
Suppose h - r - 161 = 0, 14*h = 10*h - r + 649. What are the prime factors of h?
2, 3
Suppose -10 = -5*g + 5. Let i be g/(2 + -3) - -8. Suppose -i*t + t - 4 = -l, 2*t - 4 = -l. What are the prime factors of l?
2
Let l(p) = -p**3 - 11*p**2 - 14*p - 13. Suppose 4*c - u - 14 = 4*u, 5*u + 7 = -3*c. Let z be ((-3)/6 + c)*-20. What are the prime factors of l(z)?
3
Suppose 0*m + l = -2*m + 10, 2*m = 2*l + 16. Let d(g) = g**3 - 8*g**2 + 6*g + 6. Let z be d(m). Let c = z + 56. What are the prime factors of c?
2, 13
Suppose -9*y - 16 = -5*y, -y = 2*x - 3136. What are the prime factors of x?
2, 5, 157
Suppose 1564 = 2*s - 648. What are the prime factors of s?
2, 7, 79
Let z = 67 - 65. Suppose -z*j = -3*q + 2*q - 338, -4 = 2*q. What are the prime factors of j?
2, 3, 7
Let b(c) = 9*c**2 - 18*c**3 - 7*c + 11*c**3 + 8*c**3. List the prime factors of b(-9).
3, 7
Suppose 5*i - 7683 = -b, 3*i - 28*b = -27*b + 4613. List the prime factors of i.
29, 53
Let u(v) = v + 14. Let i be u(-9). Suppose -176 = -2*y + i*n, -3*y + 210 + 54 = -n. What are the prime factors of y?
2, 11
List the prime factors of 2323 - (2 - (0 + 3))*-5.
2, 19, 61
Suppose -2*q = -25 + 11. Suppose q*o - 203 = 434. What are the prime factors of o?
7, 13
Suppose 9 = w - 5*s, -2*s = -5*w - 0*s - 24. Let z be (w + 0)/(-2) + 0. Suppose z*t + 0*t - 78 = 0. What are the prime factors of t?
2, 13
Let k(o) be the first derivative of 19*o**3/3 + o**2 + o + 13. List the prime factors of k(4).
313
Let b be 1*-6*(-4)/6. Let m(j) = -j**3 + 4*j**2 + 2. Let p be m(b). Let r(d) = -d**3 + 4*d**2 - 2*d + 2. What are the prime factors of r(p)?
2, 3
Suppose 0 = -2*u + 4*y + 3220, -10*u = -14*u + 2*y + 6464. What are the prime factors of u?
2, 809
Suppose 57*a - 260634 = -9*a. List the prime factors of a.
11, 359
Let h be (-22)/(4 - (-2)/(-1)). Let n(g) = g**3 + 11*g**2 - 3*g - 11. Let b be n(h). What are the prime factors of (-6)/33 - (-158)/b?
7
Suppose 0 = 2*c - c + 2. Let h be (-2 - -17) + 3 + c. Let x = h - 12. List the prime factors of x.
2
Let s = 566 - 443. What are the prime factors of s?
3, 41
Let j(t) = -t**2 - 2*t + 2. Suppose 2*s + 8 = -o, -s - 2 - 2 = 2*o. Let r be j(o). List the prime factors of (-11 + 10)/(r/(-38)).
19
Let m be (6/(-5))/((-18)/45). Suppose m = -4*n + 119. List the prime factors of n.
29
Let u(p) = -2*p**2 - 107*p - 213. List the prime factors of u(-41).
2, 7, 29
Let r = 32 + -78. Let n = 26 - r. What are the prime factors of n?
2, 3
Suppose -3*h - 235 = 4*z, -7*z - 241 = -3*z + h. Let c = z + 145. What are the prime factors of c?
2, 3, 7
Suppose -3*b = 4*h + 458 - 2989, 0 = -2*b - 4*h + 1690. What are the prime factors of b?
29
Let q = -1495 + 1913. List the prime factors of q.
2, 11, 19
Let z be (1/2)/((-15)/1950). Let y = 102 - 10. Let k = y + z. List the prime factors of k.
3
Suppose -3*g + 2981 + 2998 = -5*j, -g = -5*j - 2003. What are the prime factors of g?
2, 7, 71
Let g = -2485 - -4915. What are the prime factors of g?
2, 3, 5
Let g = 16 - 22. Let k be -9 + 3*(-2)/g. List the prime factors of (-2177)/(-35) + k/(-10).
3, 7
Let n(z) = -z**3 - 5*z**2 + 2*z + 5. Let q be n(-6). Let s = q + -20. Suppose h + s = 33. What are the prime factors of h?
2, 3
Let j be (-16)/(-6) - (-18)/(-27). Suppose 0 = j*g - 138 - 318. What are the prime factors of g?
2, 3, 19
Let i = 110 + 114. Suppose -5*y + 91 = -i. What are the prime factors of y?
3, 7
Suppose 14*j = 3*j - 11. List the prime factors of j*2/7 - 8853/(-91).
97
Suppose 25*r = 7461 + 9464. What are the prime factors of r?
677
Let p(s) = -758*s + 191. What are the prime factors of p(-2)?
3, 569
Let c = 560 - 30. List the prime factors of c.
2, 5, 53
Let a(m) = 10*m**3 - 14*m**2 + 32*m + 34. List the prime factors of a(6).
2, 941
Suppose -7*x = -0*x + 259. Let v = 82 + x. Suppose v = -4*r + 173. List the prime factors of r.
2
Let r = 59 + -33. Suppose 238 + r = 4*x. List the prime factors of x.
2, 3, 11
Suppose -2*d + 92 = -3*a, 0 = 5*a + 2*d - 70 + 202. Let w be 2/(-8) - 91/4. Let n = w - a. What are the prime factors of n?
5
Let v be 912/156 - (-2)/13. Suppose 0 = -2*l + 4 + v. Suppose -l*t + 14 + 31 = 0. List the prime factors of t.
3
Let f = -45 + 63. Suppose m - f = -2*m. List the prime factors of m.
2, 3
Let x(y) = -y**2 + 3*y + 10. Let t be x(5). Suppose 5*b + 2*d - 185 = t, -4*d = 4*b - 7*d - 125. List the prime factors of b + (0 + -2 - -1).
2, 17
Let c(v) = v**2 + 6*v - 2. Let q be c(-8). Let i = 20 - q. List the prime factors of i/21 - (-351)/21.
17
Let j(s) = 5*s**3 - 11*s**2 - 13*s + 14. What are the prime factors of j(5)?
13, 23
Let l(r) = 38*r + 1396. What are the prime factors of l(0)?
2, 349
Suppose -11 = -4*t - 3. Let n be 3 + 3 + (-3)/1. Suppose t*l + 28 = -n*z + 5*z, 2*l - 62 = -4*z. List the prime factors of z.
3, 5
Suppose -113760 = 53*f - 125*f. What are the prime factors of f?
2, 5, 79
Let f(k) = -k**2 - 8*k - 6. Suppose -4*a + 80 = -4*q, -a = q - 8 - 2. Suppose -x + a = -2*b, 2*b + 2*x + 2 = -4. List the prime factors of f(b).
2, 3
Let t = 137 + -78. Let n = 88 - t. List the prime factors of n.
29
Suppose j = -4, -8*j = -2*d - 4*j + 1308. What are the prime factors of d?
2, 17, 19
Suppose p - 18 = -p. Let n = 14 - p. Suppose -n*v = -86 + 6. What are the prime factors of v?
2
Suppose -4*c + 11 + 21 = 0. Suppose 13*f = c*f + 300. Suppose 4*p = -p + 4*q + 184, -2*p + 5*q = -f. What are the prime factors of p?
2, 5
List the prime factors of ((-1265)/20 - 7)*-16.
2, 281
Suppose 13*s = -0*s + 533. Let y = 14 + s. List the prime factors of y.
5, 11
Suppose 0 = 3*d + 2*w + 30, 2*w + 0*w + 10 = -d. Let o(i) = -i**2 - 17*i + 12. What are the prime factors of o(d)?
2, 41
Suppose 0*d - 4*d = -20, 5*h - d - 475 = 0. Suppose -h - 274 = -2*v. List the prime factors of v.
5, 37
Let l be 106/(-22)*-1 - (-48)/264. Suppose l*o + 60 = 245. List the prime factors of o.
37
Suppose 2*c = 3*i + 19, -3*i = -4*c + 2*i + 35. Suppose 44 = c*k - k. What are the prime factors of k?
11
Let z = -8 - -14. Let p = z - -1. Suppose -c + p*c = 66. List the prime factors of c.
11
What are the prime factors of 3/(((-60)/(-118))/10)?
5